vided by (1 + 5 - 1)*5?
22
Suppose -20*c + 1259 - 287 = 7*c. Calculate the remainder when 3700 is divided by c.
28
Suppose -789*y + 785*y = -22924. What is the remainder when y is divided by 61?
58
Suppose 60*j + 191 = 64*j + 5*x, 5*x - 245 = -5*j. Calculate the remainder when 301 is divided by j.
31
Suppose 20*w + 5070 - 20550 = -16*w. Calculate the remainder when w is divided by 206.
18
Let q(d) = -d + 9. Let l be q(9). Suppose -g + 632 = 3*g + 2*c, 4*g - c - 620 = l. What is the remainder when g is divided by (-4)/42 - (2 + (-2864)/84)?
28
Suppose 0 = 5*v - 4*i - 491 + 1037, 553 = -5*v - 3*i. Suppose k - 88 = 31. Let c = k + v. Calculate the remainder when 62 is divided by c.
8
Suppose 4*x = x + 162. Let s(l) = l**2 - 51*l - 6417. Calculate the remainder when s(110) is divided by x.
19
Let x(v) be the third derivative of v**6/120 - 3*v**5/20 - v**4/4 + 4*v**3 + 8*v**2 - 5. What is the remainder when x(10) is divided by 34?
30
Let s = 176 - -88. Suppose 65*d - 57*d = s. What is the remainder when 226 is divided by d?
28
Let j(w) = w**3 - 5*w**2 - 12*w - 15. Let n be j(9). Let i = -148 + 292. Let x = n - i. Calculate the remainder when x is divided by 20.
17
Let y(p) be the second derivative of p**4/12 - 14*p**3/3 + 27*p**2/2 + 34*p. Suppose -190 = -5*w + 70. What is the remainder when w is divided by y(28)?
25
Let l(b) = b**2 + 7*b + 21. Let d be l(-4). Suppose -189 = d*z - 1674. Calculate the remainder when z is divided by (336/15)/2*5.
53
Let q = 69 - 71. Let r(h) = -h**2 - 4*h - 2. Let n be r(q). Suppose 5*m = -z - 6 - 0, -n*z + 9 = 3*m. What is the remainder when z is divided by 5?
4
Suppose 0 = -d - 114*d + 25185. Suppose 0*p = p - 55. What is the remainder when d is divided by p?
54
Suppose 3685 = 5*q + 5*n, -4*n + 1390 = 5*q - 2298. What is the remainder when q is divided by 54?
38
Let w be ((3 - 8)/(-5))/((-1)/(-17)). Let m = -114 - -165. Suppose 0*n - 3*n + 4*d = -w, -d - m = -5*n. Calculate the remainder when 32 is divided by n.
10
Suppose 4*i - d - 1784 = 0, -5*d + 1092 + 2030 = 7*i. What is the remainder when i is divided by 269?
177
Let h(g) = -37*g**3 + 9*g**2 + 12*g + 2. Suppose -51*l - 6 = -45*l. Calculate the remainder when 84 is divided by h(l).
12
Let f be (45/(-5))/(-1*1). Let p be f/(-6) + (-26)/4. Calculate the remainder when 0 - p/12*129 is divided by 29.
28
Let j(z) = z**2 - 11*z - 28. Let u be j(13). Let h(c) = -39*c - 70. What is the remainder when 30 is divided by h(u)?
6
Suppose s - 5 = 0, -725*s - 50 = -4*i - 727*s. What is the remainder when 492 is divided by i?
2
Let f be (-4)/14 - (-18988)/14. Suppose -f = -10*z + 4*z. Suppose 0*l - 2*c - z = -4*l, 0 = 2*l + 5*c - 107. What is the remainder when l is divided by 31?
25
Suppose -4*l = -2*u + 26, -3*u + 2*l = -7 - 12. Let j(y) = -y**3 + 3*y**2 + 3. Let a be (-1)/6 + 52/24. Calculate the remainder when j(a) is divided by u.
1
Let g(o) = -o**3 + o**2 + 3*o + 3. Let j = 602 - 378. Suppose -64 = -36*h + j. What is the remainder when g(-3) is divided by h?
6
What is the remainder when 4 - (-596 + -3) - 58/(-58) is divided by 70?
44
Suppose 9*q - 4*q - 524 = r, 3*r + 116 = q. What is the remainder when 376 is divided by q?
64
Let w(z) = 47*z**2 - 21*z - 55. Calculate the remainder when w(-3) is divided by 110.
101
Suppose -27*y + 108 - 27 = 0. Suppose 5*o + 162 = y*m - 217, 5*m - 5*o - 635 = 0. What is the remainder when m is divided by 28?
16
What is the remainder when 1026 is divided by (4*215/20)/(4*4/64)?
166
Let o(d) = -2*d**2 + d - 19. Let i be o(-6). Let y = i + 121. Suppose 2*j - 20 = y. Calculate the remainder when 129 is divided by j.
19
Let z(m) = -35*m**2 - 5*m - 12. Let l be z(-2). Let y = l + 168. What is the remainder when 67 is divided by y?
15
Let v(r) = -r**3 - 48*r**2 - 182*r - 166. What is the remainder when 363 is divided by v(-44)?
69
Suppose -4*w = 4*t - 56, 5*w - 10*w - t + 54 = 0. Let u(k) = -27*k + 3. Let m be u(-3). Let r = m - 40. What is the remainder when r is divided by w?
4
Suppose 5*p - 244 - 391 = 0. Calculate the remainder when p is divided by (-25)/10*(-3 - (-3)/5).
1
What is the remainder when (-136 + 131)*((-882)/15 + 1) is divided by 49?
44
Let f = -23 + 123. Suppose f + 130 = 5*i. Let h = i - 33. Calculate the remainder when 61 is divided by h.
9
Let p = 1526 + -1436. What is the remainder when p is divided by 5?
0
Let m = 187 - 184. What is the remainder when 287 is divided by 374/44 - m/(-6)?
8
Let t = -3051 + 3099. Calculate the remainder when 614 is divided by t.
38
Calculate the remainder when 2*31*(47 + -45) is divided by 27.
16
Let c(i) = -8*i - 7. Suppose -p + 2*p = 34. Let k = p + -37. What is the remainder when 31 is divided by c(k)?
14
Suppose -40951 - 112836 = -29*f. Calculate the remainder when f is divided by 6.
5
Let l(g) = -g**2 - 13*g + 5. Let h be l(-11). Let z = 33 - h. Let c(j) = 2*j**2 - 89*j - 17. What is the remainder when c(45) is divided by z?
4
Let y = -24050 + 24072. Calculate the remainder when 555 is divided by y.
5
Suppose 0 = 4*j + z - 81, 17*z = -3*j + 19*z + 58. What is the remainder when 2053 is divided by j?
13
Let s = -11146 - -11251. What is the remainder when 114 is divided by s?
9
Let r = -98 - -255. Let g be (-2 + -1)/((-21)/(-6755)). Let p = g + 1005. What is the remainder when r is divided by p?
37
Let c(d) = -37*d + 1801. Calculate the remainder when c(24) is divided by 346.
221
What is the remainder when ((-36)/30)/(((-18)/20)/(-3)) + 596 is divided by 9?
7
Suppose 17*t = 169 + 375. Suppose 5*h = -2*v + 7, -3*v - 2*h + 4*h = 18. Let f = v + 15. What is the remainder when t is divided by f?
10
Suppose -8 = t + 3*t - g, 5*g + 23 = -t. Let c(s) = -120*s - 1. Let h be c(t). Let p = h + -249. Calculate the remainder when p is divided by 28.
26
Suppose -849 = -294*j + 1797. What is the remainder when 175 is divided by j?
4
Let p(y) = -443*y + 31036. Let b = 201 - 35. Suppose -g - 4*w + b = -w, 12 = 3*w. What is the remainder when g is divided by p(70)?
24
Let h(t) = -559*t - 8. Let g be h(-2). Let v = -662 + g. What is the remainder when v is divided by 30?
28
Let k(n) = 407*n + 6129. Calculate the remainder when 2085 is divided by k(-15).
21
Let w = 7978 - 7957. What is the remainder when 662 is divided by w?
11
Let p(x) = x**2 - 68*x + 1410. Calculate the remainder when p(62) is divided by 147.
9
Suppose -v + 168 = 2*y, 3*v - 5*y - 237 = 278. Suppose 14*i = -3*i + v. Suppose 4*k - 57 = k. What is the remainder when k is divided by i?
9
Suppose j + 20*q - 25*q - 4 = 0, -2*j = -4*q - 32. What is the remainder when 3975 is divided by j?
15
Suppose -90 = -5*r + 2*t - 7*t, 2*t - 57 = -3*r. Suppose 0 = z + 5, j + 2*z - r = z. What is the remainder when 126 is divided by j?
22
Suppose -4*p + 4*f + 232 = 0, -p - f - 21 = -69. Calculate the remainder when 362 is divided by p.
44
Suppose 4*h + 1377 = -5*p, -7*h - 2*p - 1038 = -4*h. Let o = -267 - h. What is the remainder when o is divided by 38?
5
Suppose 23211 + 48660 = 22*l + 14407. What is the remainder when l is divided by 5?
2
Suppose -2585*w + 215445 = -2314*w. What is the remainder when w is divided by 215?
150
Let r(g) = -3*g**3 + 391*g**2 - 129*g - 70. Calculate the remainder when 94 is divided by r(130).
34
Suppose -4*r + 2*r = -5*r. Let p be 16*(r - 60/(-16)). Calculate the remainder when 577/3 - (-40)/p is divided by 49.
46
Suppose -388*c + 91423 + 17654 = -79*c. Calculate the remainder when c is divided by 330.
23
Suppose 3*t - c = 8168, -12*t - c - 5445 = -14*t. Calculate the remainder when t is divided by 25.
23
Suppose -b - 24 = -7*b. Suppose 3*c - 249 = -b*h, 12 = -4*c + 8. What is the remainder when h is divided by 13?
11
Let v = -6178 + 6252. What is the remainder when 4881 is divided by v?
71
What is the remainder when ((-388)/(-6))/((-4)/(-6)) is divided by 39 - (10 - (-14 + 5))?
17
Let y(q) = 102*q + 2. Let s be y(1). Suppose -c + 9*c - s = 0. Let t(z) = 6*z + 7. Calculate the remainder when t(3) is divided by c.
12
Suppose -n = -2*n - 5*i - 2, 60 = 4*n + 3*i. Let x(p) = -3*p**3 + 48*p**2 - 33*p - 73. Calculate the remainder when x(15) is divided by n.
17
Let p be (-33)/(-44) + (2 - 497/(-4)). What is the remainder when (p - 0) + 11/(-11) is divided by 43?
40
Let b(x) = 2*x**3 + 70*x**2 + 3*x - 6. Let t be b(-35). Let y = 4